6
Suppose 5*p - 3*p + 2*i = 0, 10 = 5*p + 3*i. What is the units digit of p?
5
Suppose 7*y + 0*y = 406. What is the tens digit of y?
5
Suppose 5*x = -12 - 8. What is the units digit of ((-27)/12)/(1/x)?
9
Let g(v) = -v**3 - 2*v**2 - v + 4. What is the units digit of g(-3)?
6
Suppose -2*i + 5 = 3. Let h = i + 2. What is the units digit of h?
3
Let b(a) = -2*a - 12. Let o be b(-8). Suppose -o*j = 86 + 114. What is the tens digit of j/15*3*-1?
1
Suppose 3*a - 6 = 36. Let x = 15 - 23. Let u = x + a. What is the units digit of u?
6
Suppose 3*b - 1 = 4*b. Let i(l) = 2*l - 1. Let u be i(b). Let s(f) = -5*f - 4. What is the tens digit of s(u)?
1
Suppose -n = 0, 0 = 2*l + 2*n - 11 - 7. What is the units digit of l?
9
Let n be (2 - -2) + (2 - 3). Suppose n*s + 0 = 6. Suppose -s*k - 2*i - 3*i = -15, -22 = -4*k - 2*i. What is the units digit of k?
5
Suppose -2*l + 2 = 0, -5*g + 4*l + 1 = -5. Suppose 2*c = 10 - g, -14 = -i - c. What is the tens digit of i?
1
Let i = -3 - -5. Let z be (14 - 0)*1/i. Suppose -v - z = -23. What is the units digit of v?
6
What is the tens digit of -4 + 44/(-8)*-18?
9
Suppose -3*i - 38 + 4 = 2*h, 4*i = -2*h - 48. What is the tens digit of (-1)/(((-3)/i)/(-3))?
1
Let w = 135 + -48. Suppose v + 0*v - 3*n = 36, 3*v - 2*n = w. What is the units digit of (10/15)/(2/v)?
9
What is the units digit of 8 + (3 - 9 - -2) - -76?
0
Let z(v) = 4*v - 7. What is the tens digit of z(16)?
5
Let b = 5 + -1. Let t be 4/5*(-30)/(-12). Suppose -4*m - t*o + 29 = 3*o, -4*m + b*o = -20. What is the units digit of m?
6
Suppose -3*i + 2*v + 22 = 6*v, v - 10 = -3*i. Let k(o) = 3*o - o + i*o + 1 - 5*o. What is the units digit of k(-1)?
2
Suppose 5*o = 6*o - 2. Suppose o*t + 4 = 12. Suppose k - t = 9. What is the units digit of k?
3
Suppose 225 = -5*m - 45. Let u = m + 22. Let r = u + 51. What is the units digit of r?
9
Suppose 2*r + 3 = -15. What is the units digit of r*(-3 - (-2)/3)?
1
Let d(g) = -2*g**2 - 8*g**3 + 9*g**3 + 6*g**2. What is the units digit of d(-2)?
8
Let b(p) = -8*p**2 + 0*p**2 - p**3 + 2*p**2 - p. Let x be b(-6). What is the units digit of ((-3)/x)/(1/(-6))?
3
Let b = -85 + 128. What is the units digit of b?
3
Let z(c) = c**2 + 12*c - 9 + 4 - 2*c**2 - 2. Let y(a) = -a**3 - 6*a**2 - 7*a. Let i be y(-5). What is the units digit of z(i)?
3
Let r be (4/(-12))/((-2)/18). Let z = -5 - -6. Suppose -r*m + 14 = -2*s - z, 2*m - s = 9. What is the units digit of m?
3
Let y(j) = -j**3 - 5*j**2 - 2*j - 5. Let a be y(-5). Suppose 5 = 3*p - 2*h, -a*p = -0*h - 5*h - 10. What is the units digit of p?
1
Let u(w) = -4*w - 12. Let r(d) = 3*d + 11. Let x(n) = 3*r(n) + 2*u(n). What is the units digit of x(-8)?
1
Let p(o) = -o**2 - 6*o + 5. Let k be p(-7). Let l be (6 - -4)*(-1)/k. Suppose 9 + l = 4*d + 5*n, 0 = 5*d + 4*n - 22. What is the units digit of d?
6
What is the units digit of (5 + -6)/(3/9) + 51?
8
Let r be 4/(-26) - (-56)/26. Suppose -3*s - 4*f + 146 = 0, r*f = 2*s - 2*f - 64. What is the units digit of s?
2
Let g be 3/((-26)/(-10) + -2). Suppose -g*v + 4 = -3*v. What is the units digit of v?
2
Suppose w - d - 30 = 0, -3*w + 70 = -d + 2*d. What is the tens digit of w?
2
What is the units digit of (-25)/15*-21 + -4?
1
Let l be (4/(-5))/((-4)/90). What is the units digit of (2/3)/(1/l)?
2
Suppose -l + 35 = -5*m - 6*l, 5*m = -4*l - 31. Let v = 6 + m. Suppose -3*x + 4*t + 11 = 0, 2*t - 35 = -0*x - v*x. What is the units digit of x?
9
What is the hundreds digit of ((-2)/4)/((-8)/2272)?
1
Let q be (-7)/(-4) - (-5)/20. Suppose -q*b + 4 = -b. What is the units digit of 86/10 - b/(-10)?
9
Let m = 103 + -37. What is the tens digit of m?
6
Let z(w) = 2*w - 16. What is the tens digit of z(13)?
1
Suppose 0*s = -3*s. Suppose 142 = 2*z + 3*z + u, s = -3*z + 2*u + 80. What is the units digit of z?
8
Let y be 0 - -11 - 0 - 1. Suppose y = -5*p + 7*p. What is the units digit of (2/p)/((-1)/(-10))?
4
Let g(a) = 67*a**2 - 3*a + 2. What is the units digit of g(1)?
6
Suppose 0 = -3*u - 0*u + 12, -x - 3*u = -51. Suppose 3*k - x = 27. What is the units digit of k?
2
Suppose 12 = -3*q + q. Suppose 3*p - 36 = d, -3*p - p = 2*d - 58. Let m = p + q. What is the units digit of m?
7
Suppose 0 = 3*v - 16 - 20. What is the tens digit of v?
1
Let p(m) = m**3 - 10*m**2 - 10*m - 9. Let w be p(11). Suppose 0*j - w*j + 96 = 0. What is the tens digit of j?
4
Let i = -9 + 12. Let r(a) = -a**2 + 4*a - 1. What is the units digit of r(i)?
2
Suppose -10 = -4*s - 66. Let f be -1*(1 - 2) - s. Suppose d + o - f = 0, -5*d - o - 10 = -69. What is the units digit of d?
1
Suppose 2*l + 2*y = 94, 7*l - 4*y = 2*l + 235. What is the units digit of l?
7
Suppose 8*i = 12*i - 136. What is the tens digit of i?
3
Suppose 3*f = 2*f. Let v(l) = l**3 - 2*l**2 + l + 3. Let h be v(3). Suppose f*s + s = h. What is the units digit of s?
5
What is the units digit of ((-236)/(-4))/(3/24*4)?
8
Let g = -130 - -70. Let z = -20 - g. Suppose -6*h + z = -h. What is the units digit of h?
8
Suppose -3*t = 3*a - 14 + 2, 4*t = 5*a + 7. Suppose 0 = -q + t - 6. What is the tens digit of ((-1)/(q/78))/2?
1
Suppose 0 = -0*q + q. Let n = q - -3. Suppose 4*f - 16 = 0, 12 = n*c - 3*f - 6. What is the tens digit of c?
1
Let y(s) = -2*s + 6. Let r be y(11). Let l = 46 + r. Suppose 2*g - 4*a = 12, -2*g - 4*a - a = -l. What is the tens digit of g?
1
Suppose 5*y + 4*x = 120 + 64, 1 = x. Suppose 0 = -2*r + 3*f + y, -r + 55 = 2*r - 4*f. What is the tens digit of r?
2
What is the units digit of ((-2235)/(-15))/(-1 - -2)?
9
Suppose -93 = 3*k - 279. What is the tens digit of k?
6
Suppose 0*c = -3*c + 57. What is the units digit of c?
9
Suppose 0 = -7*f + 2*f + 3*i - 37, 2*i - 8 = 0. Let b(q) be the second derivative of -q**4/12 - q**3 + 4*q. What is the units digit of b(f)?
5
Suppose 11 = -5*u + 26. Let k(j) = 7*j - 2. Let t be k(u). Suppose 0 = 2*a - 3*d + 7*d + 4, -d + t = 3*a. What is the units digit of a?
8
Suppose 5*j = -29 - 6. Suppose i - 5*i + 52 = 0. Let z = j + i. What is the units digit of z?
6
Let v = -64 + 118. What is the units digit of v?
4
Let y(r) = -r**2 - 10*r - 1. What is the units digit of y(-9)?
8
Let c = 10 + -6. Suppose -2*m = y - 42, y + 3*m = -c*y + 238. What is the units digit of y?
0
Suppose -p = -0*h + 5*h - 2083, -h - 3*p + 425 = 0. What is the hundreds digit of h?
4
Suppose -2*w + 0*f - f = -9, 0 = -5*w + 4*f + 3. Suppose 5*i - b + 2*b = 15, -w*i + b = -9. What is the units digit of i?
3
Let t(x) = x**2 + 6*x - 6. Let a be t(-8). Let h = -3 + a. What is the units digit of h?
7
Let l(f) = -f**3 + 2*f**2 + 2. Let o be 12 - (4 + (3 - 4)). Let k = -7 + o. What is the units digit of l(k)?
2
Let c = 7 + -3. Suppose -f + 15 = 2*f. Suppose c*q = f*q - 1. What is the units digit of q?
1
What is the tens digit of (-11)/(-2)*(-3 + (2 - -3))?
1
Suppose 55 = 3*a - 5*n, 167 - 22 = 5*a + 5*n. Let v = 41 - a. What is the units digit of v?
6
Suppose -25 = -k + 2*w, -5*w - 13 = 12. What is the units digit of (-2)/(-6) - (-10)/k?
1
Suppose -3*w + 36 = -2*v - v, -v - 8 = -2*w. Let i = v + 30. What is the tens digit of i?
1
Let d(h) = 3*h + 1. Let o be d(1). Suppose 68 + o = 4*x - 2*m, -5*x + 68 = 3*m. What is the tens digit of x?
1
Let t(j) = -j**3 + 3*j**2 - 2*j + 2. Let o(h) = -h**3 - 8*h**2 - 2*h - 6. Let z be o(-8). Suppose 0*u + 5*u - z = 0. What is the units digit of t(u)?
2
Let g(y) = -3*y - 2. Suppose -4*n + 0 = 4*v - 16, 4*n - 17 = -3*v. Let b(t) = -t - 1. Let s(k) = n*b(k) - g(k). What is the units digit of s(-5)?
7
Suppose -2*f + 3*x = f + 102, 74 = -2*f - x. Let u be f/21*(-70)/4. Suppose 2*g + u = 5*g. What is the units digit of g?
0
Let r be -1*-2*(-7)/(-2). Suppose 2*d + 3 - r = 0. What is the units digit of d?
2
Suppose -6*n + n = -450. Let l = n - 34. What is the units digit of l?
6
Suppose q = -0*q, 5*w + 2*q = 10. Suppose -p - w*p = -21. What is the units digit of p?
7
Suppose 4*r = l + 18, -3*r - 2*r = -5. Let x = 36 + l. What is the tens digit of x?
2
Let y = 225 - 55. What is the hundreds digit of y?
1
Suppose -3*z + 15 = -0. Suppose -8 + 33 = z*t. What is the units digit of t?
5
Suppose 15 = n + 4*n. Suppose 4*b - 1 - 3 = 0. Let a = n - b. What is the units digit of a?
2
Let p(d) = -16*d - 3. Let b(w) = 11*w + 2. Let h(j) = -7*b(j) - 5*p(j). Let l be (-12)/3*(-2)/4. What is the units digit of h(l)?
7
Let u